3/6 + 4*f**2 - 3. Let p(w) be the second derivative of h(w). Give p(7).
-7
Let b(q) = q**2 - 11*q + 7. Let i be ((-4)/5 - -2)/(9/60). Determine b(i).
-17
Let i(l) = -3*l - 28. Let f(g) = 3*g + 23. Let h(j) = 6*f(j) + 5*i(j). Determine h(3).
7
Suppose -12*r + 849 = 825. Let q(x) = -x**3 + x**2 - x - 1. Calculate q(r).
-7
Suppose 0*n - 6 = 3*n. Suppose -2*o - 6 = 5*c, c = 4 - 8. Let v be (1 + 1)*o/n. Let w(r) = 2*r + 5. Give w(v).
-9
Let g be -7*(4 - (1 + 2)). Let q(x) = -3*x + 0 + x + 0 - 10. Calculate q(g).
4
Let n(y) = -9*y - 8*y**3 + 7*y**3 + 2*y + 6*y - 5*y**2 + 1. Let m(b) = -b. Let s be m(3). Let j = s - 2. Give n(j).
6
Let s(g) = -g - 2. Let p(k) = 2*k + 3. Suppose -2*h + 12 = 6. Let m(n) = h*p(n) + 4*s(n). Let c(j) = j + 5. Let b be c(-6). Calculate m(b).
-1
Let f(s) = -4*s + 3 - 1 - 2 + 1 + 10*s. Calculate f(-2).
-11
Let y(h) be the first derivative of -33 + 2*h - 1/3*h**3 - 7/2*h**2. Calculate y(-6).
8
Suppose -14*s - 7 = 2*h - 9*s, -2*s - 19 = -h. Let v(b) = -4*b**2 - 45*b - 13. Let j(c) = c**2 + 11*c + 3. Let t(y) = h*j(y) + 2*v(y). Determine t(-7).
-13
Let j(o) = 12*o + 7. Let f(x) = 9*x + 1. Let a(z) = -2*f(z) + j(z). Calculate a(4).
-19
Let z(q) = -13*q + 103 - 40 - 53 - q**2. Calculate z(-9).
46
Let u(r) = -r**2 - 5*r - 5. Suppose -27 = a + 2*w - 4*w, -105 = 5*a - 4*w. Let s be (-2)/(-3) - 68/3. Let h = s - a. Determine u(h).
-5
Let s(q) be the second derivative of -q**4/12 - 2*q**3 + 9*q**2 + 3*q. Let h(a) be the first derivative of s(a). Calculate h(-8).
4
Let t(o) = o**2 + 7*o + 3. Let k(w) = 5*w - 43. Let n be k(8). Give t(n).
-9
Let i(x) = 4*x. Suppose n + 2*y + 13 = 0, y - 4*y = 4*n + 32. Calculate i(n).
-20
Suppose -4*i - a - 3 = -26, -5*a + 25 = 5*i. Let q(z) = 2*z**2 - 4*z**2 + 6*z**2 - 3*z**2 + 2 - i*z. Suppose 4*j = 3*p + 2, 5 = -6*j + 7*j. What is q(p)?
2
Let x(o) be the second derivative of o**3/2 + 11*o**2/2 + 5*o. Let g(t) = -4*t - 11. Let v(n) = -4*g(n) - 5*x(n). Calculate v(8).
-3
Let r(j) = -j**2 - 3*j - 3. Let f be r(-3). Let l(b) be the first derivative of 6 + 1/2*b**2 + 0*b. Determine l(f).
-3
Let p(x) = -2*x**2 + 60*x - 158. Let u be p(27). Let k(o) = 2*o**2 - 4*o - 7. Give k(u).
9
Let z(p) = p**2 + 5*p. Let n = -21 + 16. What is z(n)?
0
Let p(o) = -o**2 + 3*o + 8. Suppose 33*t = 45*t - 72. Give p(t).
-10
Let u(z) = -z. Let t(r) = r**3 + 7*r**2 - 6*r + 5. Let o(l) = -t(l) + 2*u(l). Give o(-8).
27
Let d(c) be the second derivative of -c**7/2520 - c**6/144 + c**5/15 - 23*c**4/12 - 4*c. Let s(r) be the third derivative of d(r). Give s(-7).
-6
Suppose -22*q + 17*q + 22 = -2*s, 15 = 4*q + s. Let g(l) be the third derivative of -l**5/60 + l**4/6 + l**3/3 - l**2. What is g(q)?
2
Let u(x) = x**3 + 5*x**2 - 8*x - 32. Let g be u(-5). Let w(h) = h - 3. Calculate w(g).
5
Let s(v) = v**3 - 11*v**2 + 8. Let j be s(11). Let o(k) = k**2 - 9*k + 3. What is o(j)?
-5
Let k(x) be the second derivative of x**7/840 + x**6/180 - x**5/40 - x**4/8 + 7*x**3/6 + 6*x. Let y(u) be the second derivative of k(u). Determine y(-3).
-3
Let s = -143 + 145. Let x(y) = 14 + y + 5*y - y**s - 7*y. Determine x(0).
14
Let t(b) = -3*b - 3. Let y(c) be the first derivative of -c**2/2 - 36. Let a(w) = t(w) - 4*y(w). Give a(7).
4
Let z(r) = 4*r - 2*r + 2*r - 6*r - r**2. Let t(w) = -w**3 + 6*w**2 - 8*w - 2. Let v be t(4). What is z(v)?
0
Let k = 3 + 1. Suppose 9 = -5*p + 3*c - k, 0 = -2*p + 3*c - 7. Let u(q) = 5*q + 2 - 17*q**2 - 2*q + 34*q**2 - 16*q**2. What is u(p)?
0
Let b(a) = a - 2. Let f = 22 - 19. Suppose 5*u + 20 = 3*c + 2*c, -c + f*u + 6 = 0. What is b(c)?
1
Let x(l) = -23 - 2*l + 40 - 20. Let q(o) = o**2 + 7*o - 5. Suppose 0 = 2*y - y + 7. Let r be q(y). Give x(r).
7
Let f(l) = 10*l + 45. Let r(k) = 9*k + 50. Let h(z) = -3*f(z) + 4*r(z). What is h(-11)?
-1
Let o(p) = -3*p**3 + 13*p**2 - 6*p + 9. Let f(w) = 8*w**3 - 27*w**2 + 13*w - 18. Let l(r) = 2*f(r) + 5*o(r). Calculate l(-11).
53
Suppose 0 = 4*m - 8*m + 3*d + 56, 0 = d + 4. Let c(f) = -f**3 + 11*f**2 - f + 1. What is c(m)?
-10
Suppose 3*p + 5*t + 3 - 11 = 0, -3*p - 3*t = 0. Suppose 2*r = -2*r + 8. Let h(k) = -1 - k**3 + 7*k**3 + k**r + 3*k**2 - 5*k**3. Calculate h(p).
-1
Suppose -9 = i - 2. Let f = i + 10. Let j(t) = -3 - t - 3*t + f*t**2 - 4*t**2 + 4. Determine j(-4).
1
Let s(t) = -t**3 + t**2 + t + 1. Suppose 0*g + 545 = 5*g. Let m = g + -153. Let h be 2/9 - m/(-36). Determine s(h).
2
Let l(r) = -17*r + 16 + 0*r**2 - 11412*r**3 + 11411*r**3 - 19*r**2. Calculate l(-18).
-2
Suppose 5*t - 15 + 0 = 0. Let y(d) = -16 + 10 + 5727*d - 5724*d + 7. Give y(t).
10
Suppose y = -2*y + 15. Let o(p) = 3 + y*p + 2*p - 8 + 6*p**2. Let g(z) = -9*z**2 - 10*z + 7. Let w(d) = 5*g(d) + 7*o(d). What is w(-1)?
-2
Suppose -2*z = 4*z - 36. Let c(y) = -4*y + y - 3 - 9*y + z*y. Give c(-2).
9
Let v(m) = -m**3 + m**2 - m + 1. Let r(d) be the first derivative of 3*d**4/4 - 10*d**3/3 + 9*d**2/2 - 5*d + 10. Let y(i) = r(i) + 2*v(i). Give y(7).
-3
Let n(b) = 3*b**2 + 15*b + 3. Let x be n(-5). Let c(k) = 3*k**2 + k**3 - 8*k**2 + 3*k - 4 - x + 0*k. What is c(5)?
8
Suppose 5*m + 1 = -2*i, -5*i = m - 3 - 6. Let x(p) = p**3 + 5*p**2 - p - 4. Let k(c) = -c**2 + 1. Let r(o) = m*x(o) - 4*k(o). Calculate r(0).
0
Let n be ((-3)/(-2) + 0)*2. Let y(d) = d**2 + 11*d + 6. Let l be -3 - (8 - 2) - -2. Let t(v) = v**2 + 16*v + 9. Let s(m) = l*y(m) + 5*t(m). What is s(n)?
-6
Let k(o) = 9*o + 4 - 6*o**3 - 7*o**2 - 3*o**3 + 6. Let n(c) = 4*c**3 + 3*c**2 - 4*c - 5. Let s(u) = 3*k(u) + 7*n(u). Give s(0).
-5
Let n(h) be the third derivative of h**4/24 + 2*h**3/3 - 3*h**2 - 25. Give n(6).
10
Suppose 6 = i + 3. Let z(v) = 4 + 7*v**2 - v**3 - i*v - 3*v - 10. Suppose -3*x + 6*a + 38 = a, 0 = 3*x - 3*a - 30. Calculate z(x).
-6
Suppose 18*i = 26*i - 40. Let p(w) = -w + 1. Determine p(i).
-4
Suppose 2*a + 4 = -p, a - 34 = 4*p - 9. Let m be p/(-21) + 120/21. Let y(n) = n - 5. Determine y(m).
1
Let z(q) = q - 56. Let h(r) = r. Let y(x) = 6*h(x) + z(x). Let d be y(9). Let s(b) = b**3 - 6*b**2 - 3*b - 10. Calculate s(d).
18
Let y(l) = l**2 - 16*l - 1. Let s(h) = 2*h**2 - 34*h - 2. Let z(o) = -6*s(o) + 13*y(o). Give z(6).
11
Let j(z) = 2*z - 45. Let l = -635 - -656. Determine j(l).
-3
Let b(u) be the second derivative of -3*u**5/20 - u**4/12 - u**3/6 + 4*u. Let x be b(-1). Let j(o) = 0 + x*o + 6 - 4*o - o. Give j(7).
-8
Let l(k) = -2*k**2 - 6*k - 5. Let o = -157 + 153. Determine l(o).
-13
Suppose 5*n - 32 = 2*z, -4*n = -0*n - 2*z - 24. Let q(h) = 2 - n - 260*h + 258*h. Let c = -13 + 7. Determine q(c).
6
Let a(k) = -k**2 - 12*k + 0 - 7 - 15 - 2. Give a(-8).
8
Let z(m) = 4*m + 1. Let o(p) = 2*p**2 + 18*p + 9. Let i(j) = o(j) - 6*z(j). Give i(5).
23
Let d(l) be the second derivative of l**3/6 + l**2/2 - 471*l. Determine d(-9).
-8
Let g(c) = 2*c**2 - 8*c - 17. Let b = 40 + -33. Let n be g(b). Suppose 8*j = -n + 9. Let f(w) = w**3 + w**2 + 2. Calculate f(j).
-2
Let l(f) = -3*f**2 - 8. Let k(i) = -4*i**2 - 2*i - 9. Let t(p) = -2*k(p) + 3*l(p). Calculate t(5).
-11
Let q(v) = v**3 - 15*v**2 + 11*v + 37. Let t be q(14). Let d(h) = h**2 - h + 1. Let l(x) = -x**2 - 1. Let r(g) = -4*d(g) - 5*l(g). What is r(t)?
6
Let m(w) = -3*w**2 + 18*w - 18. Suppose 13*i - 35 = 18*i. Let s(o) = 2*o**2 - 12*o + 12. Let u(k) = i*s(k) - 5*m(k). Let z = 7 + -3. What is u(z)?
-2
Let z be 14/2 - 0/2. Let q(t) be the first derivative of -t**4/4 + 2*t**3 + 5*t**2/2 + 4*t - 677. Determine q(z).
-10
Let v(y) = 4*y - 1. Let z = 11 - 5. Suppose -2*g = 4*s - 3 - 7, 4*s - z = 2*g. Suppose -5*b + k = 6, s = -3*b - k + 2*k. Calculate v(b).
-9
Suppose 28 = -a + 30. Suppose -4*h + a = -5*t, 2*t = -2*h + 7*h + 6. Let u(n) = n**3 + 2*n**2 - n + 1. Calculate u(h).
3
Let w(k) = -k**3 - 4*k**2 + 5*k + 1. Let u = 91 + -96. What is w(u)?
1
Let x(m) = -m**3 + 2*m**3 + 633*m + 0*m**2 + m**2 - 632*m - 9 - 8. What is x(0)?
-17
Let o(j) = -6*j**2 - 5. Let a(l) = -1. Let r(x) = -6*a(x) + o(x). Let u = -41 - -40. Let v be 40/(-8) + (u - -5). Give r(v).
-5
Suppose -3*u = -0*u + 5*j - 553, 5*j + 975 = 5*u. Let r = u - 196. Let w(n) be the first derivative of n**2/2 - 4*n + 1. Determine w(r).
-9
Let d(r) = r - 5. Let c(o) = 1. Suppose 3 = -0*g + g. Let j be ((-3)/9)/(6/(-18)). Let k(l) = g*c(l) + j*d(l). Calculate k(2).
0
Let d(p) = 7*p - 22. Let h be d(3). Let x(t) = -5*t + 2. Let i(c) = c - 1. Let q(f) = h*